{"id":2,"date":"2016-05-10T03:48:21","date_gmt":"2016-05-10T03:48:21","guid":{"rendered":"http:\/\/aescumed-aerzteservice.de\/?page_id=2"},"modified":"2023-09-11T11:26:08","modified_gmt":"2023-09-11T09:26:08","slug":"sample-page","status":"publish","type":"page","link":"https:\/\/aescumed-aerzteservice.de\/","title":{"rendered":"Willkommen bei aescumed-aerzteservice. Service First Class."},"content":{"rendered":"\n<p><\/p>\n\n\n<h2>Wir sind Ihr Partner f\u00fcr Ihre Privatabrechnungen. Wir arbeiten f\u00fcr \u00c4rzte, Heilpraktiker, Physio- und Psychotherapeuten.<\/h2>\n<h3>Kompetenter Service<\/h3>\n<p>aescumed-aerzteservice hat langj\u00e4hrige Erfahrung in der Betreuung von \u00c4rzten\u00a0aller Fachrichtungen. Mit unseren qualifizierten Mitarbeitern k\u00f6nnen wir die pers\u00f6nliche und kompetente Betreuung jedes Kunden garantieren.<\/p>\n<h3>Ganz pers\u00f6nlich und \u00e4rztlich gef\u00fchrt<\/h3>\n<p>Bei uns selbstverst\u00e4ndlich: Ein direkter Ansprechpartner k\u00fcmmert sich um Ihre Privatabrechnungen und erledigt f\u00fcr Sie auch die Korrespondenz mit Patienten und Versicherungen.<\/p>\n<p><img decoding=\"async\" loading=\"lazy\" class=\"aligncenter wp-image-177\" src=\"https:\/\/aescumed-aerzteservice.de\/wp-content\/uploads\/2019\/11\/ELKE-768x1024.jpg\" alt=\"\" width=\"458\" height=\"611\" srcset=\"https:\/\/aescumed-aerzteservice.de\/wp-content\/uploads\/2019\/11\/ELKE-768x1024.jpg 768w, https:\/\/aescumed-aerzteservice.de\/wp-content\/uploads\/2019\/11\/ELKE-225x300.jpg 225w, https:\/\/aescumed-aerzteservice.de\/wp-content\/uploads\/2019\/11\/ELKE-1568x2092.jpg 1568w\" sizes=\"(max-width: 458px) 100vw, 458px\" \/><\/p>\n<h6 style=\"text-align: center;\">Elke Rosenberg &#8211;\u00a0Gesch\u00e4ftsleitung, Fach\u00e4rztin f\u00fcr Allgemeinmedizin, QM in Gesundheitswesen, Gesundheits\u00f6konomin FH<\/h6>\n<p><img decoding=\"async\" loading=\"lazy\" class=\"aligncenter wp-image-179 size-full\" src=\"https:\/\/aescumed-aerzteservice.de\/wp-content\/uploads\/2019\/11\/Katrin-Renger.jpg\" alt=\"\" width=\"458\" height=\"640\" srcset=\"https:\/\/aescumed-aerzteservice.de\/wp-content\/uploads\/2019\/11\/Katrin-Renger.jpg 458w, https:\/\/aescumed-aerzteservice.de\/wp-content\/uploads\/2019\/11\/Katrin-Renger-215x300.jpg 215w\" sizes=\"(max-width: 458px) 100vw, 458px\" \/><\/p>\n<h6 style=\"text-align: center;\">Kathrin Renker &#8211; Leitung B\u00fcro St. Ingbert<\/h6>\n<p><img decoding=\"async\" loading=\"lazy\" class=\"aligncenter wp-image-236 size-full\" src=\"https:\/\/aescumed-aerzteservice.de\/wp-content\/uploads\/2020\/03\/Bildschirmfoto-2020-03-24-um-10.47.52-e1585043417929.png\" alt=\"\" width=\"458\" height=\"656\" \/><\/p>\n<h6 style=\"text-align: center;\">Melanie Hartmann &#8211; Kundenbetreuung \/ Vertrieb \/ GO\u00c4-Beratung<\/h6>\n<h3>F\u00fcr mehr Freiraum<\/h3>\n<p>Jede Privatabrechnung wird von uns pers\u00f6nlich gepr\u00fcft und bei Bedarf mit Ihnen abgestimmt. Sie werden erfreut sein, wie viel neuen Freiraum das f\u00fcr Sie bedeutet: weniger Arbeit und mehr Geld.<\/p>\n<h3><span style=\"font-size: 1.2em;\">Unsere Leistungen f\u00fcr Sie auf einen Blick:<\/span><\/h3>\n<ul>\n<li>Abrechnungsservice mit pers\u00f6nlichem Ansprechpartner, auch f\u00fcr Ihre Privatpatienten<\/li>\n<li>Detaillierte Kontrolle Ihrer Vorgaben zur Privatabrechnung (nach GO\u00c4, UVGO\u00c4, GOP, Geb\u00fcH)<\/li>\n<li>Erstellung und Versand der Privatliquidationen<\/li>\n<li>Mahnwesen, p\u00fcnktlich und effizient<\/li>\n<li>Korrespondenz mit Privatpatienten und Versicherungstr\u00e4gern<\/li>\n<li>Perfekte buchhalterische Aufbereitung Ihrer Privatabrechnung, auch f\u00fcr Ihren Steuerberater<\/li>\n<\/ul>\n<h3><a href=\"https:\/\/aescumed-aerzteservice.de\/?page_id=104\">Testen Sie uns! 6 Monate lang! Wir werden Sie \u00fcberzeugen!\u00a0<\/a><\/h3>\n\n\n<div style=\"height:100px\" aria-hidden=\"true\" class=\"wp-block-spacer\"><\/div>\n\n\n\n<div style=\"height:100px\" aria-hidden=\"true\" class=\"wp-block-spacer\"><\/div>\n","protected":false},"excerpt":{"rendered":"<p>Wir sind Ihr Partner f\u00fcr Ihre Privatabrechnungen. Wir arbeiten f\u00fcr \u00c4rzte, Heilpraktiker, Physio- und Psychotherapeuten. Kompetenter Service aescumed-aerzteservice hat langj\u00e4hrige Erfahrung in der Betreuung von \u00c4rzten\u00a0aller Fachrichtungen. Mit unseren qualifizierten Mitarbeitern k\u00f6nnen wir die pers\u00f6nliche und kompetente Betreuung jedes Kunden garantieren. Ganz pers\u00f6nlich und \u00e4rztlich gef\u00fchrt Bei uns selbstverst\u00e4ndlich: Ein direkter Ansprechpartner k\u00fcmmert sich um &hellip; <\/p>\n<p class=\"link-more\"><a href=\"https:\/\/aescumed-aerzteservice.de\/\" class=\"more-link\"><span class=\"screen-reader-text\">\u201eWillkommen bei aescumed-aerzteservice. Service First Class.\u201c<\/span> weiterlesen<\/a><\/p>\n","protected":false},"author":1,"featured_media":214,"parent":0,"menu_order":0,"comment_status":"closed","ping_status":"open","template":"","meta":{"footnotes":""},"_links":{"self":[{"href":"https:\/\/aescumed-aerzteservice.de\/index.php?rest_route=\/wp\/v2\/pages\/2"}],"collection":[{"href":"https:\/\/aescumed-aerzteservice.de\/index.php?rest_route=\/wp\/v2\/pages"}],"about":[{"href":"https:\/\/aescumed-aerzteservice.de\/index.php?rest_route=\/wp\/v2\/types\/page"}],"author":[{"embeddable":true,"href":"https:\/\/aescumed-aerzteservice.de\/index.php?rest_route=\/wp\/v2\/users\/1"}],"replies":[{"embeddable":true,"href":"https:\/\/aescumed-aerzteservice.de\/index.php?rest_route=%2Fwp%2Fv2%2Fcomments&post=2"}],"version-history":[{"count":73,"href":"https:\/\/aescumed-aerzteservice.de\/index.php?rest_route=\/wp\/v2\/pages\/2\/revisions"}],"predecessor-version":[{"id":267,"href":"https:\/\/aescumed-aerzteservice.de\/index.php?rest_route=\/wp\/v2\/pages\/2\/revisions\/267"}],"wp:featuredmedia":[{"embeddable":true,"href":"https:\/\/aescumed-aerzteservice.de\/index.php?rest_route=\/wp\/v2\/media\/214"}],"wp:attachment":[{"href":"https:\/\/aescumed-aerzteservice.de\/index.php?rest_route=%2Fwp%2Fv2%2Fmedia&parent=2"}],"curies":[{"name":"wp","href":"https:\/\/api.w.org\/{rel}","templated":true}]}}