{"id":93,"date":"2019-08-22T11:54:59","date_gmt":"2019-08-22T11:54:59","guid":{"rendered":"http:\/\/aescumed-aerzteservice.de\/?page_id=93"},"modified":"2019-12-15T14:33:24","modified_gmt":"2019-12-15T14:33:24","slug":"ueber-uns","status":"publish","type":"page","link":"https:\/\/aescumed-aerzteservice.de\/?page_id=93","title":{"rendered":"\u00dcber aescumed-aerzteservice"},"content":{"rendered":"\n<p>Mit aescumed-aerzteservice steht Ihnen ein Dienstleister zur Seite, der als eine f\u00fchrende Verrechnungsstelle f\u00fcr au\u00dfergew\u00f6hnlichen Service, kompetente Betreuung und eine vertrauensvolle pers\u00f6nliche Partnerschaft steht. Wir wollen der f\u00fcr Sie und Ihre individuellen Bed\u00fcrfnisse beste Anbieter auf dem Markt zu sein.<\/p>\n\n\n\n<h4 class=\"wp-block-heading\">Daf\u00fcr stehen wir pers\u00f6nlich ein.<\/h4>\n\n\n\n<p style=\"text-align:center\"><img decoding=\"async\" loading=\"lazy\" width=\"2792\" height=\"3723\" class=\"wp-image-178\" src=\"https:\/\/aescumed-aerzteservice.de\/wp-content\/uploads\/2019\/11\/GOETZ.jpg\" alt=\"\" style=\"width: 458px;\" srcset=\"https:\/\/aescumed-aerzteservice.de\/wp-content\/uploads\/2019\/11\/GOETZ.jpg 2792w, https:\/\/aescumed-aerzteservice.de\/wp-content\/uploads\/2019\/11\/GOETZ-225x300.jpg 225w, https:\/\/aescumed-aerzteservice.de\/wp-content\/uploads\/2019\/11\/GOETZ-768x1024.jpg 768w, https:\/\/aescumed-aerzteservice.de\/wp-content\/uploads\/2019\/11\/GOETZ-1568x2091.jpg 1568w\" sizes=\"(max-width: 2792px) 100vw, 2792px\" \/><\/p>\n\n\n\n<p style=\"text-align:center\"><strong>G\u00f6tz W. Gleichmann, Gesch\u00e4ftsf\u00fchrender Gesellschafter<\/strong><\/p>\n\n\n\n<p style=\"text-align:center\"><img decoding=\"async\" loading=\"lazy\" width=\"2929\" height=\"3907\" class=\"wp-image-177\" src=\"https:\/\/aescumed-aerzteservice.de\/wp-content\/uploads\/2019\/11\/ELKE.jpg\" alt=\"\" style=\"width: 458px;\" srcset=\"https:\/\/aescumed-aerzteservice.de\/wp-content\/uploads\/2019\/11\/ELKE.jpg 2929w, https:\/\/aescumed-aerzteservice.de\/wp-content\/uploads\/2019\/11\/ELKE-225x300.jpg 225w, https:\/\/aescumed-aerzteservice.de\/wp-content\/uploads\/2019\/11\/ELKE-768x1024.jpg 768w, https:\/\/aescumed-aerzteservice.de\/wp-content\/uploads\/2019\/11\/ELKE-1568x2092.jpg 1568w\" sizes=\"(max-width: 2929px) 100vw, 2929px\" \/><\/p>\n\n\n\n<p style=\"text-align:center\"><strong>Elke Rosenberg, Gesch\u00e4ftsf\u00fchrende Gesellschafterin<br><\/strong><\/p>\n\n\n\n<h3 class=\"wp-block-heading\">Ihre pers\u00f6nlichen aescumed-aerzteservice-Vorteile:<\/h3>\n\n\n\n<h4 class=\"wp-block-heading\">Pers\u00f6nliche Betreuung<\/h4>\n\n\n\n<p>Ein pers\u00f6nlicher Berater f\u00fcr Sie, Ihr Praxisteam und Ihre Patienten.<\/p>\n\n\n\n<h4 class=\"wp-block-heading\">Pr\u00e4zision und Sachverstand<\/h4>\n\n\n\n<p>Detaillierte Pr\u00fcfung jeder Privatliquidation mit Sachverstand und geb\u00fchrenrechtlichem Wissen auf dem neuesten Stand.<\/p>\n\n\n\n<h4 class=\"wp-block-heading\">Kompetenz<\/h4>\n\n\n\n<p>Seit vielen Jahren Erfahrung im Bereich von medizinischen, heilkundlichen und therapeutischen Privatabrechnungen.<\/p>\n\n\n\n<h4 class=\"wp-block-heading\">Zuverl\u00e4ssigkeit<\/h4>\n\n\n\n<p>Verbindliche und finanzstarke Partnerschaft.<\/p>\n\n\n\n<h4 class=\"wp-block-heading\">Freundlichkeit<\/h4>\n\n\n\n<p>Beratung ohne Zeitdruck, immer l\u00f6sungsorientiert im Umgang mit unseren Kunden und deren Patienten.<\/p>\n\n\n\n<h4 class=\"wp-block-heading\">Transparenz<\/h4>\n\n\n\n<p>Keine versteckten Kosten, K\u00fcndigungsfristen oder Mitgliedsbeitr\u00e4ge. Fest vereinbarte individuelle Bearbeitungsgeb\u00fchren.<\/p>\n\n\n\n<p><br><\/p>\n","protected":false},"excerpt":{"rendered":"<p>Mit aescumed-aerzteservice steht Ihnen ein Dienstleister zur Seite, der als eine f\u00fchrende Verrechnungsstelle f\u00fcr au\u00dfergew\u00f6hnlichen Service, kompetente Betreuung und eine vertrauensvolle pers\u00f6nliche Partnerschaft steht. Wir wollen der f\u00fcr Sie und Ihre individuellen Bed\u00fcrfnisse beste Anbieter auf dem Markt zu sein. Daf\u00fcr stehen wir pers\u00f6nlich ein. G\u00f6tz W. Gleichmann, Gesch\u00e4ftsf\u00fchrender Gesellschafter Elke Rosenberg, Gesch\u00e4ftsf\u00fchrende Gesellschafterin Ihre &hellip; <\/p>\n<p class=\"link-more\"><a href=\"https:\/\/aescumed-aerzteservice.de\/?page_id=93\" class=\"more-link\"><span class=\"screen-reader-text\">\u201e\u00dcber aescumed-aerzteservice\u201c<\/span> weiterlesen<\/a><\/p>\n","protected":false},"author":1,"featured_media":0,"parent":0,"menu_order":0,"comment_status":"closed","ping_status":"closed","template":"","meta":{"footnotes":""},"_links":{"self":[{"href":"https:\/\/aescumed-aerzteservice.de\/index.php?rest_route=\/wp\/v2\/pages\/93"}],"collection":[{"href":"https:\/\/aescumed-aerzteservice.de\/index.php?rest_route=\/wp\/v2\/pages"}],"about":[{"href":"https:\/\/aescumed-aerzteservice.de\/index.php?rest_route=\/wp\/v2\/types\/page"}],"author":[{"embeddable":true,"href":"https:\/\/aescumed-aerzteservice.de\/index.php?rest_route=\/wp\/v2\/users\/1"}],"replies":[{"embeddable":true,"href":"https:\/\/aescumed-aerzteservice.de\/index.php?rest_route=%2Fwp%2Fv2%2Fcomments&post=93"}],"version-history":[{"count":22,"href":"https:\/\/aescumed-aerzteservice.de\/index.php?rest_route=\/wp\/v2\/pages\/93\/revisions"}],"predecessor-version":[{"id":230,"href":"https:\/\/aescumed-aerzteservice.de\/index.php?rest_route=\/wp\/v2\/pages\/93\/revisions\/230"}],"wp:attachment":[{"href":"https:\/\/aescumed-aerzteservice.de\/index.php?rest_route=%2Fwp%2Fv2%2Fmedia&parent=93"}],"curies":[{"name":"wp","href":"https:\/\/api.w.org\/{rel}","templated":true}]}}